{"id":10,"date":"2023-02-03T21:39:58","date_gmt":"2023-02-03T21:39:58","guid":{"rendered":"https:\/\/dpmedia.rs\/?page_id=10"},"modified":"2024-04-12T20:01:45","modified_gmt":"2024-04-12T20:01:45","slug":"dpmedia-rs","status":"publish","type":"page","link":"https:\/\/dpmedia.rs\/","title":{"rendered":"Druga perspektiva"},"content":{"rendered":"<p>[vc_row el_id=&#8221;staje&#8221;][vc_column width=&#8221;2\/3&#8243; css=&#8221;.vc_custom_1675456932292{margin-top: 40px !important;margin-bottom: 40px !important;}&#8221;][vc_column_text]<\/p>\n<h2><strong>\u0160ta je <\/strong><strong>dpmedia.rs<\/strong><strong> i \u010dime se bavi?<\/strong><\/h2>\n<p>Mi smo trenutno jedina agencija koja se bavi komunikacijama civilnog dru\u0161tva na na\u0161em tr\u017ei\u0161tu. Osim organizacija civilnog dru\u0161tva, na\u0161i klijenti su i mediji,\u00a0festivali,\u00a0sindikati, politi\u010dki akteri i institucije.<\/p>\n<p>Iz ovoga je verovatno evidentno da nismo tipi\u010dna marketing agencija (logi\u010dno, jer se ne bavimo marketingom ve\u0107 komunikacijama) koja \u0107e vam ponuditi 3, 6 ili 12 meseci odr\u017eavanja naloga na dru\u0161tvenim mre\u017eama (za neki enorman iznos), a nakon toga razlaz i va\u0161i kanali komunikacije ostaju da venu i svenu bez daljih bud\u017eeta za odr\u017eavanje.\u00a0<strong>Ne<\/strong>.<\/p>\n<p>Na\u0161a ideja je da svako od navedenih aktera sa kojima radimo treba da razvije <strong>odr\u017eiv sistem komunikacija<\/strong>\u00a0interno, a na\u0161a uloga je da im u tome pomognemo. Ovo zna\u010di da je opseg na\u0161ih usluga usmeren na edukaciju, mentoring i strate\u0161ki deo komunikacija, ali o tome <a href=\"http:\/\/dpmedia.rs\/#usluge\" target=\"_blank\" rel=\"noopener\">\u0107emo ne\u0161to ispod<\/a>.[\/vc_column_text][\/vc_column][vc_column width=&#8221;1\/3&#8243; css=&#8221;.vc_custom_1675444987674{margin-top: 80px !important;margin-bottom: 20px !important;}&#8221;][vc_single_image image=&#8221;13&#8243; img_size=&#8221;full&#8221;][\/vc_column][\/vc_row][vc_row el_id=&#8221;kolikodugo&#8221;][vc_column width=&#8221;1\/3&#8243; offset=&#8221;vc_hidden-md vc_hidden-sm vc_hidden-xs&#8221;][vc_single_image image=&#8221;14&#8243; img_size=&#8221;full&#8221; css=&#8221;.vc_custom_1675423457191{margin-bottom: 55px !important;}&#8221;][\/vc_column][vc_column width=&#8221;2\/3&#8243;][vc_column_text]<\/p>\n<h2><strong>Koliko dugo postoji <\/strong><strong>dpmedia.rs<\/strong><strong>, kako i sa kim sara\u0111uje?<\/strong><\/h2>\n<p>Na\u0161a agencija postoji od juna 2018. godine, kada su dva entuzijasti\u010dna momka sa po 21 godinom odlu\u010dila da startuju biznis bez dinara u d\u017eepu i sa jednim laptopom sa neispravnom tastaturom.\u00a0<strong>Tada smo verovali da \u0107emo biti sve ono \u0161to danas nismo\u00a0<\/strong>&#8211;\u00a0tipi\u010dna marketing agencija koja \u0107e vam ponuditi 3, 6 ili 12 meseci odr\u017eavanja naloga na dru\u0161tvenim mre\u017eama (za neki enorman iznos). Ipak vremenom smo uvideli da takav model poslovanja ne\u0107e jo\u0161 dugo biti odr\u017eiv, a paralelno sa time smo uvideli da civilno dru\u0161tvo u Srbiji komunicira, pa&#8230; najprikladnije je re\u0107i\u00a0<strong><em>neadekvatno<\/em><\/strong>. Zbog toga smo odlu\u010dili da kombinacijom metodologije rada u civilnom dru\u0161tvu i metodologije savremenih digitalnih komunikacija razvijemo agenciju u smeru onoga \u0161to je dpmedia.rs danas &#8211;\u00a0<strong>jedina agencija specijalizovana za digitalne komunikacije civilnog dru\u0161tva na na\u0161em tr\u017ei\u0161tu<\/strong>.[\/vc_column_text][\/vc_column][\/vc_row][vc_row el_id=&#8221;usluge&#8221;][vc_column css=&#8221;.vc_custom_1675460386521{margin-top: 40px !important;border-bottom-width: -40px !important;}&#8221;][vc_column_text]<\/p>\n<h2><strong>Koje usluge pru\u017ea <\/strong><strong>dpmedia.rs<\/strong><strong>?<\/strong><\/h2>\n<p>[\/vc_column_text][\/vc_column][\/vc_row][vc_row][vc_column css_animation=&#8221;none&#8221; width=&#8221;2\/3&#8243;][vc_tta_tour style=&#8221;flat&#8221; shape=&#8221;square&#8221; color=&#8221;white&#8221; spacing=&#8221;5&#8243; active_section=&#8221;1&#8243;][vc_tta_section i_icon_fontawesome=&#8221;fas fa-chess&#8221; add_icon=&#8221;true&#8221; title=&#8221;Izrada komunikacione strategije uz obuku&#8221; tab_id=&#8221;1675428178705-719d6ca8-3a36&#8243;][vc_column_text]Ovo je najva\u017eniji dokument koji jedna organizacija treba da ima ukoliko \u017eeli da javnost prepozna njen rad. Proces izrade strategije traje izme\u0111u mesec i po dana i tri meseca u zavisnosti od veli\u010dine, strukture i ciljeva organizacije. <strong>Ipak<\/strong>, koliko god strategija bila va\u017ena,<strong> bez obuke za implementaciju<\/strong> je samo gomila skupih papira i slajdova prezentacije koji u praksi ne vrede puno.[\/vc_column_text][\/vc_tta_section][vc_tta_section i_icon_fontawesome=&#8221;far fa-paper-plane&#8221; add_icon=&#8221;true&#8221; title=&#8221;Izrada akcionog plana kampanje&#8221; tab_id=&#8221;1675428178706-e1ec51b9-80d1&#8243;][vc_column_text]Imate ili nemate ideju za kampanju, ali ona nekada neminovno mora da se desi. Da biste je sproveli onako kako treba, <strong>neophodno je da imate akcioni plan<\/strong>. Izrada plana je dosta lak\u0161a i br\u017ea ukoliko imate izra\u0111enu i strategiju, ali i ako je nemate i dalje je mogu\u0107e uz malo vi\u0161e energije i vremena isplanirati odli\u010dnu kampanju.[\/vc_column_text][\/vc_tta_section][vc_tta_section i_icon_fontawesome=&#8221;fas fa-box-open&#8221; add_icon=&#8221;true&#8221; title=&#8221;Paket za start&#8221; tab_id=&#8221;1675428351393-53cf2e20-a599&#8243;][vc_column_text]<strong>Paket za start\u00a0<\/strong>podrazumeva obuku i konsalting proces nakon kog su organizacije osposobljene da samostalno upravljaju svojim kanalima komunikacije uz sva neophodna znanja za ispravno i kvalitetno komuniciranje. Ceo proces traje 2 meseca. Ovaj paket preporu\u010dujemo posebno organizacijama koje se do sada nisu bavile razvojem svojih komunikacija.[\/vc_column_text][\/vc_tta_section][vc_tta_section i_icon_fontawesome=&#8221;far fa-lightbulb&#8221; add_icon=&#8221;true&#8221; title=&#8221;Konsultacije i savetovanje&#8221; tab_id=&#8221;1675428352905-0556ef6a-b7a7&#8243;][vc_column_text]<strong>Komunikacije \u010desto deluju kao da lutate u magli<\/strong> i tu i tamo &#8220;naletite&#8221; na nekoga za koga niste ni znali da je tu. Ako vam je ovo poznato, ova usluga je za vas. Kao i u na\u0161em okru\u017eenju ta magla je \u010desto zapravo &#8211; <strong>zaga\u0111enje<\/strong>. Mi smo tu da vam savetima i konsultacijama o\u010distimo prostor da stignete pravo do svoje ciljne grupe.[\/vc_column_text][\/vc_tta_section][vc_tta_section i_icon_fontawesome=&#8221;fas fa-project-diagram&#8221; add_icon=&#8221;true&#8221; title=&#8221;Treninzi i obuke&#8221; tab_id=&#8221;1675428354842-68eabe34-f576&#8243;][vc_column_text]Nema tu mnogo pri\u010de. Izdvojite tri, \u010detiri ili pet dana i na\u0161i\/e specijalisti\/kinje vas obu\u010de da budete <strong>komunikacijske nind\u017ee<\/strong>. Dobro, ne ba\u0161 nind\u017ee, ali ozbiljni starteri sa hrpom znanja i ve\u0161tina koje \u0107e vam utabati nind\u017ea put.<\/p>\n<p><strong>Ukoliko ste ve\u0107 na tom putu, imamo i napredne treninge.<\/strong>[\/vc_column_text][\/vc_tta_section][vc_tta_section i_icon_fontawesome=&#8221;fas fa-ad&#8221; add_icon=&#8221;true&#8221; title=&#8221;Digitalno ogla\u0161avanje&#8221; tab_id=&#8221;1675428355959-ab0b8de7-89d3&#8243;][vc_column_text]Sigurno vam je dosadilo da <strong>&#8220;Stevin mali&#8221; bustuje postove<\/strong> a vi nemate pojma ni \u0161ta radi ni kako. Znate samo da na kraju imate neki veliki domet objava, a realnih rezultata nigde. <strong>Jo\u0161 gora opcija je ukoliko se jo\u0161 niste upustili u digitalno ogla\u0161avanje.<\/strong><\/p>\n<p>Mi vam to re\u0161imo, budete zadovoljni rezultatima, a uz to i shvatite kako ceo sistem funkcioni\u0161e (ako \u017eelite). <strong>Dostupne su usluge ogla\u0161avanja na Google i META platformama. U prevodu: Facebook, Instagram, YouTube i Google pretraga.<\/strong>[\/vc_column_text][\/vc_tta_section][\/vc_tta_tour][\/vc_column][vc_column width=&#8221;1\/3&#8243; css=&#8221;.vc_custom_1675447990018{margin-top: 40px !important;}&#8221;][vc_single_image image=&#8221;44&#8243; img_size=&#8221;full&#8221;][\/vc_column][\/vc_row][vc_row][vc_column][vc_separator color=&#8221;custom&#8221; border_width=&#8221;3&#8243; css_animation=&#8221;none&#8221; accent_color=&#8221;#ab0303&#8243;][\/vc_column][\/vc_row][vc_row css=&#8221;.vc_custom_1675459913868{margin-top: 40px !important;}&#8221; el_id=&#8221;klijenti&#8221;][vc_column][vc_column_text]<\/p>\n<h2><strong>Ko su na\u0161i klijenti?<\/strong><\/h2>\n<p>Ako bismo poku\u0161ali da nabrojimo sve klijente sa kojima smo sara\u0111ivali u prethodnih pet godina, verovatno bi ovaj tekst bio toliko duga\u010dak da ga niko ne bi pro\u010ditao. Ali ono \u0161to uvek ponosno moramo da istaknemo jesu saradnje sa slede\u0107im partnerima:[\/vc_column_text][\/vc_column][\/vc_row][vc_row][vc_column][vc_masonry_media_grid style=&#8221;load-more&#8221; items_per_page=&#8221;6&#8243; element_width=&#8221;2&#8243; gap=&#8221;20&#8243; item=&#8221;mediaGrid_Default&#8221; btn_title=&#8221;Pogledaj jo\u0161&#8221; btn_color=&#8221;black&#8221; grid_id=&#8221;vc_gid:1712952095104-5156ba6c-135c-7&#8243; include=&#8221;20,123,18,19,121,110,91,113,92,24,15,111,112,109,21,90&#8243;][\/vc_column][\/vc_row][vc_row][vc_column][vc_separator color=&#8221;custom&#8221; border_width=&#8221;3&#8243; css_animation=&#8221;none&#8221; accent_color=&#8221;#ab0303&#8243;][\/vc_column][\/vc_row][vc_row content_placement=&#8221;middle&#8221; css=&#8221;.vc_custom_1675459926019{margin-top: 40px !important;}&#8221; el_id=&#8221;kontakt&#8221;][vc_column][vc_column_text]<\/p>\n<h2>Izlistali ste sve!<\/h2>\n<p>Ukoliko \u017eelite saradnju sa nama ili imate bilo kakvo pitanje, slobodno nam pi\u0161ite putem e-mail adrese <a href=\"mailto:office@dpmedia.rs\" target=\"_blank\" rel=\"noopener\">office@dpmedia.rs<\/a>. Hvala![\/vc_column_text][\/vc_column][\/vc_row][vc_row][vc_column][vc_separator color=&#8221;custom&#8221; border_width=&#8221;3&#8243; css_animation=&#8221;none&#8221; accent_color=&#8221;#ab0303&#8243;][\/vc_column][\/vc_row]<\/p>\n","protected":false},"excerpt":{"rendered":"<p>[vc_row el_id=&#8221;staje&#8221;][vc_column width=&#8221;2\/3&#8243; css=&#8221;.vc_custom_1675456932292{margin-top: 40px !important;margin-bottom: 40px !important;}&#8221;][vc_column_text] \u0160ta je dpmedia.rs i \u010dime se bavi? Mi smo trenutno jedina agencija koja se bavi komunikacijama civilnog dru\u0161tva na na\u0161em tr\u017ei\u0161tu. Osim organizacija civilnog dru\u0161tva, na\u0161i klijenti su i mediji,\u00a0festivali,\u00a0sindikati, politi\u010dki akteri i institucije. Iz ovoga je verovatno evidentno da nismo tipi\u010dna marketing agencija (logi\u010dno, jer se&#8230;<\/p>\n","protected":false},"author":1,"featured_media":98,"parent":0,"menu_order":0,"comment_status":"closed","ping_status":"closed","template":"visual-composer.php","meta":{"footnotes":""},"class_list":["post-10","page","type-page","status-publish","has-post-thumbnail","hentry"],"yoast_head":"<!-- This site is optimized with the Yoast SEO plugin v20.0 - https:\/\/yoast.com\/wordpress\/plugins\/seo\/ -->\n<title>Druga perspektiva - dpmedia.rs<\/title>\n<meta name=\"description\" content=\"Mi nismo tipi\u010dna marketin\u0161ka agencija, dpmedia.rs je jedina agencija koja se bavi komunikacijama civilnog dru\u0161tva na na\u0161em tr\u017ei\u0161tu.\" \/>\n<meta name=\"robots\" content=\"index, follow, max-snippet:-1, max-image-preview:large, max-video-preview:-1\" \/>\n<link rel=\"canonical\" href=\"https:\/\/dpmedia.rs\/\" \/>\n<meta property=\"og:locale\" content=\"en_US\" \/>\n<meta property=\"og:type\" content=\"article\" \/>\n<meta property=\"og:title\" content=\"Druga perspektiva - dpmedia.rs\" \/>\n<meta property=\"og:description\" content=\"Mi nismo tipi\u010dna marketin\u0161ka agencija, dpmedia.rs je jedina agencija koja se bavi komunikacijama civilnog dru\u0161tva na na\u0161em tr\u017ei\u0161tu.\" \/>\n<meta property=\"og:url\" content=\"https:\/\/dpmedia.rs\/\" \/>\n<meta property=\"og:site_name\" content=\"dpmedia.rs\" \/>\n<meta property=\"article:modified_time\" content=\"2024-04-12T20:01:45+00:00\" \/>\n<meta property=\"og:image\" content=\"https:\/\/dpmedia.rs\/wp-content\/uploads\/2023\/02\/Nismo-majstori.-Samo-popravljamo-komunikacije.-1.png\" \/>\n\t<meta property=\"og:image:width\" content=\"1366\" \/>\n\t<meta property=\"og:image:height\" content=\"768\" \/>\n\t<meta property=\"og:image:type\" content=\"image\/png\" \/>\n<meta name=\"twitter:card\" content=\"summary_large_image\" \/>\n<meta name=\"twitter:label1\" content=\"Est. reading time\" \/>\n\t<meta name=\"twitter:data1\" content=\"4 minutes\" \/>\n<script type=\"application\/ld+json\" class=\"yoast-schema-graph\">{\"@context\":\"https:\/\/schema.org\",\"@graph\":[{\"@type\":\"WebPage\",\"@id\":\"https:\/\/dpmedia.rs\/\",\"url\":\"https:\/\/dpmedia.rs\/\",\"name\":\"Druga perspektiva - dpmedia.rs\",\"isPartOf\":{\"@id\":\"https:\/\/dpmedia.rs\/#website\"},\"datePublished\":\"2023-02-03T21:39:58+00:00\",\"dateModified\":\"2024-04-12T20:01:45+00:00\",\"description\":\"Mi nismo tipi\u010dna marketin\u0161ka agencija, dpmedia.rs je jedina agencija koja se bavi komunikacijama civilnog dru\u0161tva na na\u0161em tr\u017ei\u0161tu.\",\"breadcrumb\":{\"@id\":\"https:\/\/dpmedia.rs\/#breadcrumb\"},\"inLanguage\":\"en-US\",\"potentialAction\":[{\"@type\":\"ReadAction\",\"target\":[\"https:\/\/dpmedia.rs\/\"]}]},{\"@type\":\"BreadcrumbList\",\"@id\":\"https:\/\/dpmedia.rs\/#breadcrumb\",\"itemListElement\":[{\"@type\":\"ListItem\",\"position\":1,\"name\":\"Home\",\"item\":\"https:\/\/dpmedia.rs\/\"},{\"@type\":\"ListItem\",\"position\":2,\"name\":\"Druga perspektiva\"}]},{\"@type\":\"WebSite\",\"@id\":\"https:\/\/dpmedia.rs\/#website\",\"url\":\"https:\/\/dpmedia.rs\/\",\"name\":\"dpmedia.rs\",\"description\":\"agencija za komunikacije civilnog dru\u0161tva\",\"potentialAction\":[{\"@type\":\"SearchAction\",\"target\":{\"@type\":\"EntryPoint\",\"urlTemplate\":\"https:\/\/dpmedia.rs\/?s={search_term_string}\"},\"query-input\":\"required name=search_term_string\"}],\"inLanguage\":\"en-US\"}]}<\/script>\n<!-- \/ Yoast SEO plugin. -->","yoast_head_json":{"title":"Druga perspektiva - dpmedia.rs","description":"Mi nismo tipi\u010dna marketin\u0161ka agencija, dpmedia.rs je jedina agencija koja se bavi komunikacijama civilnog dru\u0161tva na na\u0161em tr\u017ei\u0161tu.","robots":{"index":"index","follow":"follow","max-snippet":"max-snippet:-1","max-image-preview":"max-image-preview:large","max-video-preview":"max-video-preview:-1"},"canonical":"https:\/\/dpmedia.rs\/","og_locale":"en_US","og_type":"article","og_title":"Druga perspektiva - dpmedia.rs","og_description":"Mi nismo tipi\u010dna marketin\u0161ka agencija, dpmedia.rs je jedina agencija koja se bavi komunikacijama civilnog dru\u0161tva na na\u0161em tr\u017ei\u0161tu.","og_url":"https:\/\/dpmedia.rs\/","og_site_name":"dpmedia.rs","article_modified_time":"2024-04-12T20:01:45+00:00","og_image":[{"width":1366,"height":768,"url":"https:\/\/dpmedia.rs\/wp-content\/uploads\/2023\/02\/Nismo-majstori.-Samo-popravljamo-komunikacije.-1.png","type":"image\/png"}],"twitter_card":"summary_large_image","twitter_misc":{"Est. reading time":"4 minutes"},"schema":{"@context":"https:\/\/schema.org","@graph":[{"@type":"WebPage","@id":"https:\/\/dpmedia.rs\/","url":"https:\/\/dpmedia.rs\/","name":"Druga perspektiva - dpmedia.rs","isPartOf":{"@id":"https:\/\/dpmedia.rs\/#website"},"datePublished":"2023-02-03T21:39:58+00:00","dateModified":"2024-04-12T20:01:45+00:00","description":"Mi nismo tipi\u010dna marketin\u0161ka agencija, dpmedia.rs je jedina agencija koja se bavi komunikacijama civilnog dru\u0161tva na na\u0161em tr\u017ei\u0161tu.","breadcrumb":{"@id":"https:\/\/dpmedia.rs\/#breadcrumb"},"inLanguage":"en-US","potentialAction":[{"@type":"ReadAction","target":["https:\/\/dpmedia.rs\/"]}]},{"@type":"BreadcrumbList","@id":"https:\/\/dpmedia.rs\/#breadcrumb","itemListElement":[{"@type":"ListItem","position":1,"name":"Home","item":"https:\/\/dpmedia.rs\/"},{"@type":"ListItem","position":2,"name":"Druga perspektiva"}]},{"@type":"WebSite","@id":"https:\/\/dpmedia.rs\/#website","url":"https:\/\/dpmedia.rs\/","name":"dpmedia.rs","description":"agencija za komunikacije civilnog dru\u0161tva","potentialAction":[{"@type":"SearchAction","target":{"@type":"EntryPoint","urlTemplate":"https:\/\/dpmedia.rs\/?s={search_term_string}"},"query-input":"required name=search_term_string"}],"inLanguage":"en-US"}]}},"_links":{"self":[{"href":"https:\/\/dpmedia.rs\/index.php\/wp-json\/wp\/v2\/pages\/10","targetHints":{"allow":["GET"]}}],"collection":[{"href":"https:\/\/dpmedia.rs\/index.php\/wp-json\/wp\/v2\/pages"}],"about":[{"href":"https:\/\/dpmedia.rs\/index.php\/wp-json\/wp\/v2\/types\/page"}],"author":[{"embeddable":true,"href":"https:\/\/dpmedia.rs\/index.php\/wp-json\/wp\/v2\/users\/1"}],"replies":[{"embeddable":true,"href":"https:\/\/dpmedia.rs\/index.php\/wp-json\/wp\/v2\/comments?post=10"}],"version-history":[{"count":34,"href":"https:\/\/dpmedia.rs\/index.php\/wp-json\/wp\/v2\/pages\/10\/revisions"}],"predecessor-version":[{"id":129,"href":"https:\/\/dpmedia.rs\/index.php\/wp-json\/wp\/v2\/pages\/10\/revisions\/129"}],"wp:featuredmedia":[{"embeddable":true,"href":"https:\/\/dpmedia.rs\/index.php\/wp-json\/wp\/v2\/media\/98"}],"wp:attachment":[{"href":"https:\/\/dpmedia.rs\/index.php\/wp-json\/wp\/v2\/media?parent=10"}],"curies":[{"name":"wp","href":"https:\/\/api.w.org\/{rel}","templated":true}]}}